 Let s(b) be the first derivative of 3*b**2 - b - 1. Give s(y).
5
Let k(g) = g**2 - 12*g + 77. Let l be k(28). Suppose 5*x = l - 500. Let c(b) = b**3 - 6*b**2 + 6*b + 3. Calculate c(x).
8
Let f(i) = -2*i**2 - i + 14. Suppose -7*p = -5*p + j - 2, 3*j - 3 = -5*p. Calculate f(p).
-7
Let o(c) = 6*c - 8 - 2 - 4 - 9 + 1. What is o(14)?
62
Suppose 5*c + 0 = 5. Let x(s) = 2*s - 3*s - c + 2*s. Give x(0).
-1
Let h(i) be the first derivative of -i**3/3 - 19*i**2/2 + 61*i + 8439. Give h(3).
-5
Let b = -22316 - -22318. Let o(h) = h**3 - 9*h**2 + 15*h - 5. What is o(b)?
-3
Let n(v) = -6 + 81 - 13 + v**3 - 12 - 16*v**2 + 27*v - 51. Calculate n(14).
-15
Let b be 356/20 + -7 - (-7)/35. Let j(s) = s**3 - 9*s**2 - 21*s - 7. Determine j(b).
4
Let o = 2135 + -2142. Let n(g) = 5*g + 33. Give n(o).
-2
Let o be (-60)/(3600/(-210)) + 6/4. Let i(l) = -l - 1 - 2 - 2*l. Calculate i(o).
-18
Let o(g) = 7*g - 8. Let x(i) = -2. Let n(p) = 17*p - 35. Let q be n(2). Let z(s) = q*o(s) + 4*x(s). Determine z(-1).
7
Suppose 5*i + 3 = 23. Let t(d) = 4*d**2 + 289*d - 1. Let a(x) = -7*x**2 - 481*x + 2. Let s(n) = 6*a(n) + 10*t(n). What is s(i)?
-14
Let j(a) = 11*a**2 + 35*a**2 + a**3 - 32*a**2 - 2*a**3 + 35 - 1 + 26*a. Give j(16).
-62
Let b(n) = -n**2 + 2*n + 2. Suppose -5*j - 331 = m, -3*j + 5*m = -10 + 231. Let t = -65 - j. Suppose -2*z - 8 = t*k - z, -5*k - 18 = 2*z. Determine b(k).
-6
Let s(b) = 2*b - 7. Let f be 3/(145/65 + -2). Suppose -14*u + 104 = -f*u. Suppose -u = 13*h - 39. Determine s(h).
-17
Let s(b) = -7*b**3 + 2*b**2 - 3*b - 2. Let l(j) = j**3. Let v(x) = -6*l(x) - s(x). Suppose 10*z - 5 = 25. Give v(z).
20
Let j(b) = -b**3 + 6*b**2 - b + 10. Let w = -926 + 932. Calculate j(w).
4
Let q(h) = 2*h - 1 + 0 + 2. Suppose y + 1 = -2*t + 3, 3*y + t - 6 = 0. Let n be ((-5)/y)/(-1)*104/(-130). What is q(n)?
-3
Let b(n) be the second derivative of n**3/6 - 7*n**2/2 + 21*n. Let m(f) = 21*f + 423. Let h be m(-20). Calculate b(h).
-4
Suppose o = 2*y + 8 + 7, -10 = o + 3*y. Let j(m) = -15 - m**3 - 18*m + o*m + 12*m - m**2. What is j(0)?
-15
Suppose 0 = 2*u + 3*u + 2*s + 51, -u + s - 6 = 0. Let c(a) = -4*a - 15. Let g be c(u). Let j(i) = -g - i + 21. What is j(6)?
-6
Let x(t) be the second derivative of -t**5/20 + 11*t**4/6 + 23*t**3/6 + 5*t**2 + 2938*t. Give x(23).
10
Let l(k) = k**3 + 2*k**3 + 40616 - 2*k**3 - 14*k - 3*k**2 - 40604. What is l(5)?
-8
Let w(n) = 7*n**3 + 11*n**2 - 13*n - 3. Let v(h) = 15*h**3 + 23*h**2 - 27*h - 6. Let j(x) = -6*v(x) + 13*w(x). Give j(-7).
-52
Let d be 3/((3/14)/((-82)/7)). Let x = -166 - d. Let n(c) = c + 1. Calculate n(x).
-1
Let o(q) = 2*q + 6. Let w(m) = m**3 - m**2 - 10*m - 1. Suppose -5*b - 5*c - 40 = 0, -3*c - 19 = 2*b + 2. Let d be w(b). Calculate o(d).
-8
Let o be 0 - (0 + 2) - 0. Let m be (-1)/(3/o)*-12. Let h(f) = 24 + 30 + 29 + 32 - f + 29 - 156. Give h(m).
-4
Suppose 7*w = 2 + 33. Suppose 4*d + 2*u - 12 = 3*u, -16 = -3*d - u. Let h(j) = 7*j**3 + w*j - 6*j**3 + 9*j**2 + 8 + d*j. What is h(-8)?
0
Let f(l) = -13*l - 1. Let g(x) be the third derivative of x**6/120 - 2*x**5/15 - 5*x**4/12 - x**3/3 + 93*x**2 + 2. Let w be g(-1). Determine f(w).
12
Let f be 4/(-38) + (-7040)/2432. Let j(n) = 19*n + 24. Give j(f).
-33
Let j(m) be the first derivative of 5*m**2/2 - 5*m + 15. Let c be ((-36)/(-8) - 5)/(-7 - (-388)/56). Calculate j(c).
30
Let s(o) = 17*o**2 - 14*o + 4. Let a(u) = 37*u**2 - 28*u + 7. Let w be 26/3*3*90/(-180). Let x(z) = w*s(z) + 6*a(z). Give x(-14).
-10
Let o(f) = 5*f**2 - f - 10*f**2 + 17 + f**3 + 16*f - 2*f**3. Let i be o(-7). Let w(t) = -t + 5. Calculate w(i).
-5
Suppose 0 = 2*n + 8, -5*b + 6 = n. Let h(c) = 4*c - 62 - 11*c + 58 - b*c**2. What is h(-4)?
-8
Let i(u) = 2778 + 4*u**2 + 2769 + 2777 - 11096 - 11*u + 2778. Determine i(3).
9
Let s = -196 - -205. Let z(b) = -2*b - s*b + 44 - 48. Give z(-4).
40
Let i(t) = -t**2 - 12*t - 13. Let q be 1*((-36)/(-6) + -5) + -12. What is i(q)?
-2
Let c(z) = -z**2 + 3*z**2 - 10 - 9*z - 3*z**2. Let h be (-7)/(-28) - 110/(-8). Let t(n) = -n + 6. Let v be t(h). Give c(v).
-2
Let s(a) = -a**3 - a**2 + a + 1. Let m(w) be the third derivative of w**6/40 + w**5/30 + w**4/24 - 7*w**3/6 + 17*w**2 - 3. Let q(b) = m(b) + 4*s(b). Give q(-4).
9
Let z(o) = -5 - 3 + 2*o + 26. Let y be z(-8). Let x(d) = -y*d + 5*d**2 + 0*d**2 - 2*d**2 - 2*d**3 + 3*d**3 + 4. Give x(-4).
-4
Let c(a) = a**2 - 23*a - 13. Suppose 0 = 2*n + 4, -3*n - 9 = -4*l + 89. Calculate c(l).
-13
Let m(a) = -a**2 + 5*a + 120. Let x = -26115 + 26107. Determine m(x).
16
Let c(p) = -p**2 + 3*p - 5. Suppose w - 13 = 3*w - 3*i, 7 = w + 3*i. Let q be (-7)/(-7) - (1 - w). Let n be (q/(-3))/(2/15). Calculate c(n).
-15
Let b be 7 + -3 - (-6 + 6). Suppose 4*c - 37 = 3*k, b*c - 2*k + 7*k = 45. Let j(g) = 2*g**2 - 19*g - 14. Determine j(c).
-4
Let i(f) = -f**2 + 8*f + 6. Let l(a) = 6*a**2. Let u be l(2). Suppose -u*q = -q - 207. Give i(q).
-3
Let q(r) = -481 - 20*r + 186 + 316. Calculate q(4).
-59
Let c(q) be the first derivative of q**2/2 + 13*q - 6361. What is c(-10)?
3
Suppose -g = -7*g - 42. Suppose -c = 5*y - 536, -2*c - 444 = -4*y + c. Let l(i) = -10 - 3*i + 115*i**2 - y*i**2 + i**3 + 0*i**3. What is l(g)?
11
Let f(h) be the first derivative of -h**2/2 - h - 26. Let k(t) = -t - 2. Let z = -11 - -12. Let c(s) = z*k(s) - 2*f(s). Calculate c(7).
7
Let u(r) = 17*r + 123. Let l be u(0). Suppose 2*n = 368 - 110. Let m = n - l. Let s(a) = -a**3 + 6*a**2 + 3*a - 3. Give s(m).
15
Let f(d) = -d**3 + 7*d**2 - 7*d + 6. Suppose 4*c - 136 = -30*c. Suppose -17*n = c*i - 13*n - 12, -i - 5 = 5*n. Calculate f(i).
21
Let r(x) = -2*x**2 + 2*x + 1. Let y be r(3). Let z(a) = -a**2 - 4591 + 12*a**2 + 4599 + a**3. What is z(y)?
8
Let v = -10 + -27. Let m = v - -39. Let o(t) = -t**3 + 55*t**2 + m - 52*t**2 + 2*t**3. What is o(-2)?
6
Suppose -h = -4*i + 18, 3*i + 9 = -4*h - 6. Let x(k) = -k - 9. Suppose 0 = -5*y + 19 - 4. Let l(z) = -z - 10. Let f(c) = y*l(c) - 4*x(c). Give f(h).
0
Suppose 62*m = 2*h + 57*m - 11, 0 = -5*h - m - 13. Let j(t) = t**3 + 4*t**2 + 2*t + 3. What is j(h)?
7
Let v(a) = 2*a + 11. Let o = 2099 + -2108. Determine v(o).
-7
Let f(m) = -21*m**2 - 18*m - 14. Let z(o) = -o**2 - o - 2. Let q(c) = -f(c) + 13*z(c). Give q(2).
30
Suppose j + 5 = 3. Let x(d) = -d**3 - 4*d**2 - 5*d. Let n be x(j). Let f(t) = n*t**3 - 45*t - 41*t - 1 + 86*t - t**2. Calculate f(2).
11
Let i(u) = u**3 + 7*u**2 + 11*u + 11. Let x = 2522 + -2527. Determine i(x).
6
Let c(r) be the second derivative of 3/2*r**2 - 37 - 2/3*r**4 + 1/20*r**5 + 3*r - 1/6*r**3. Give c(8).
-5
Let r = -306 - -304. Let m be (5 - (r - (1 + -2)))*1. Let q(h) = -h**2 + 6*h - 5. What is q(m)?
-5
Let o(q) = -q + 4. Let a(f) = -f + 5. Let r(i) = -6*a(i) + 5*o(i). Let k be (2 - (-7)/4)*4. Let s be r(k). Let d(p) = p + 6. What is d(s)?
11
Let n = -42 + 55. Suppose 0 = -k - 3*h - 24, 10*k - 37 = n*k + 2*h. Let b(x) = x + 12. What is b(k)?
3
Let x(t) = 1163*t - 2347*t + 598*t + 595*t. Let l(p) = -p**2 - 6*p - 2. Let q be l(-6). Determine x(q).
-18
Let v(p) be the third derivative of p**7/840 - p**6/120 - p**5/40 + 239*p**3/6 - 127*p**2. Let j(b) be the first derivative of v(b). What is j(3)?
-9
Let o(h) = h**2 + 7*h - 12. Let p be o(-7). Let m be 6 + (-15)/10*(-16)/p. Let i(w) = w**2 - 4*w + 4. Give i(m).
4
Suppose 10*s + 42 = 62. Let i(b) = -4*b - 8 - 14*b**s + 6 + 11*b**2 - b**3. Determine i(-3).
10
Let d(m) = -5*m**2 + 2. Let y(o) = -3*o - 21. Let l be y(-7). Suppose l = -2*v + 8*v. Suppose 3*h - 4 = -v*h - 5*t, 0 = 3*h + 3*t. Calculate d(h).
-18
Let p(h) be the third derivative of -h**6/120 - 13*h**5/60 - 23*h**4/24 - 2*h**3 - 2*h**2 + 3*h - 8. Give p(-11).
-1
Suppose 9*y = 6*y - 12. Let x be 998/(-12) - ((-115)/(-30) + y). Let m = 80 + x. Let d(v) = -v**3 - v**2 + 4*v + 4. What is d(m)?
10
Let v(d) = -3*d**3 - 3*d**2 - 4*d + 1. Let j(p) = -p**3 - p + 1. Let r(n) = j(n) - v(n). Let q be 3/(8/36 + 93/(-54)). Calculate r(q).
-10
Let l(q) = 2*q + 10. Let a = -1834 - -1837. Calculate l(a).
16
Let p(h) = 2*h + 1. Suppose 2*i - 5*x - 21 = -4*x, -3*i = -3*x - 30. Suppose -i*a = -10*a. Let v be 3 + a + (4 - (11 - 5)). Give p(v).
3
Let c(h) = 14*h + 46. Let n(j) = 2*j - 1. Let i(d) = -c(d) + 3*n(d). What is i(-7)?
7
Let l = 1903 + -1907. Let a(c) = 6*c + 22. Determine a(l).
-2
Let g(w) = -16*w + 303. Let t be g(19). Let i(